
False
Is 15394003 a composite number?
False
Is 210409997 composite?
True
Is 22912257 composite?
True
Is 566844997 a composite number?
False
Is 43226759 a prime number?
False
Is 8260081 composite?
True
Is 1956509 a prime number?
False
Is 999509 composite?
True
Is 254131 a prime number?
False
Is 2074283 a composite number?
True
Is 20250647 prime?
True
Is 62164801 a composite number?
True
Is 721261 prime?
True
Is 110901619 a prime number?
True
Is 14356019 composite?
False
Is 3015653 a prime number?
False
Is 721024219 composite?
True
Is 29169026 composite?
True
Is 47111803 composite?
False
Is 37073137 a composite number?
True
Is 12492073 composite?
True
Is 4659793 prime?
True
Is 2241037 composite?
False
Is 5881367 prime?
True
Is 88283543 a composite number?
True
Is 2184269 a prime number?
False
Is 3571481 prime?
False
Is 20125411 a prime number?
True
Is 103599383 a prime number?
False
Is 199446551 composite?
False
Is 109676059 a composite number?
False
Is 39977031 a prime number?
False
Is 16941173 prime?
True
Is 20398967 a composite number?
False
Is 100867517 a prime number?
True
Is 2573209 prime?
True
Is 1517179 a prime number?
True
Is 1737901 a composite number?
True
Is 142978799 prime?
True
Is 86137609 composite?
True
Is 3897167 a composite number?
True
Is 27954739 a composite number?
False
Is 106623149 composite?
False
Is 4613051 prime?
True
Is 670487 prime?
True
Is 101883217 prime?
True
Is 303673 prime?
False
Is 258953 prime?
False
Is 227363401 a prime number?
False
Is 31072143 prime?
False
Is 356152661 a prime number?
True
Is 1258291 prime?
True
Is 8431669 prime?
False
Is 10034207 prime?
False
Is 242423 composite?
True
Is 7514761 composite?
True
Is 21355091 composite?
False
Is 26199001 a composite number?
True
Is 5104309 a prime number?
False
Is 651081 a prime number?
False
Is 835511 a prime number?
True
Is 39189391 prime?
True
Is 83914081 a composite number?
True
Is 1227353 prime?
True
Is 16763759 a composite number?
True
Is 61789709 composite?
False
Is 23914355 prime?
False
Is 348173711 composite?
False
Is 4654907 a composite number?
False
Is 3296983 a prime number?
True
Is 5256791 a composite number?
True
Is 931597 a prime number?
True
Is 464487451 a prime number?
False
Is 34570841 prime?
False
Is 859657 composite?
False
Is 52771031 composite?
False
Is 2902303 prime?
True
Is 5832233 a prime number?
False
Is 16583387 prime?
True
Is 1069373 a composite number?
True
Is 6817093 a prime number?
True
Is 6695135 a composite number?
True
Is 49608457 prime?
True
Is 1813583 a prime number?
True
Is 3113611 a prime number?
True
Is 44916373 prime?
False
Is 29802995 a prime number?
False
Is 70499207 composite?
True
Is 796553 a composite number?
False
Is 833761759 prime?
False
Is 18559367 a composite number?
True
Is 12112523 prime?
False
Is 24799661 composite?
True
Is 40639133 a composite number?
True
Is 891797 a prime number?
True
Is 126037969 prime?
True
Is 390161 a composite number?
False
Is 1531361 prime?
False
Is 165195073 prime?
True
Is 5768443 composite?
False
Is 546107089 a composite number?
True
Is 6808861 a composite number?
False
Is 190292279 composite?
False
Is 25539953 a composite number?
True
Is 16674211 composite?
True
Is 237755517 prime?
False
Is 655881 a composite number?
True
Is 66124159 composite?
True
Is 81418829 prime?
True
Is 1345699 prime?
True
Is 969904447 a composite number?
False
Is 88827119 a prime number?
False
Is 1116697 a composite number?
True
Is 19406935 a composite number?
True
Is 59630387 a composite number?
True
Is 1021421 a prime number?
False
Is 249609 composite?
True
Is 3713533 a prime number?
True
Is 1109431 prime?
True
Is 61805587 a prime number?
False
Is 312158787 a composite number?
True
Is 146009789 composite?
False
Is 29307457 composite?
True
Is 2038063 a composite number?
True
Is 1857761 a prime number?
True
Is 2039223 a composite number?
True
Is 77138395 a composite number?
True
Is 9670333 a composite number?
True
Is 1539719 composite?
False
Is 18563869 composite?
False
Is 2208319 a prime number?
True
Is 57337159 prime?
False
Is 5536537 a composite number?
True
Is 33285641 composite?
False
Is 317001 a composite number?
True
Is 632475713 a prime number?
True
Is 8040239 a composite number?
False
Is 491527 composite?
False
Is 1485077 composite?
True
Is 282946409 a prime number?
True
Is 2572116257 prime?
True
Is 27315809 a prime number?
True
Is 75758621 a composite number?
False
Is 75311 a prime number?
False
Is 1530761 prime?
False
Is 501359429 composite?
False
Is 41386127 a prime number?
True
Is 109505722 prime?
False
Is 458868274 prime?
False
Is 538589 a prime number?
True
Is 11190461 composite?
True
Is 63171883 a composite number?
False
Is 115498849 a composite number?
True
Is 81651547 a prime number?
True
Is 328771855 a prime number?
False
Is 6958801 a prime number?
True
Is 271003451 a composite number?
False
Is 3866263 a prime number?
True
Is 6873613 prime?
True
Is 44602847 composite?
True
Is 2697091 composite?
True
Is 30595011 prime?
False
Is 1570981 a composite number?
False
Is 25745833 composite?
False
Is 114999947 a composite number?
True
Is 48233918 composite?
True
Is 59070541 prime?
True
Is 5611981 a prime number?
True
Is 3895391 a prime number?
True
Is 67094201 a prime number?
False
Is 501915991 composite?
True
Is 3328679 composite?
False
Is 5541287 prime?
True
Is 18645827 a composite number?
True
Is 299096429 prime?
False
Is 199997561 a composite number?
True
Is 647929 composite?
True
Is 1242271 prime?
True
Is 694979 a prime number?
True
Is 72577 a prime number?
True
Is 8007551 composite?
False
Is 864503 a prime number?
True
Is 24773687 prime?
False
Is 104545913 a composite number?
True
Is 552258001 prime?
False
Is 6807061 composite?
False
Is 7731011 prime?
True
Is 7255219 a prime number?
False
Is 162112309 prime?
True
Is 18812485 a composite number?
True
Is 65482689 a composite number?
True
Is 409110017 a composite number?
False
Is 46116479 a composite number?
False
Is 43437197 composite?
False
Is 430463687 prime?
True
Is 6547129 a composite number?
False
Is 138626 a prime number?
False
Is 12771271 prime?
True
Is 679111 composite?
False
Is 16102663 composite?
False
Is 10085567 a composite number?
False
Is 3255107 composite?
True
Is 1418687 composite?
False
Is 28710629 a composite number?
False
Is 1307981 composite?
False
Is 5623637 a composite number?
True
Is 341688883 a composite number?
True
Is 401363219 a prime number?
False
Is 19017491 composite?
True
Is 20761431 prime?
False
Is 1119479 a composite number?
True
Is 789638 composite?
True
Is 5806841 a composite number?
False
Is 3696001 a composite number?
False
Is 143542489 prime?
False
Is 14465863 a prime number?
False
Is 1342301 prime?
False
Is 212797843 composite?
True
Is 7516442 a composite number?
True
Is 34640357 a composite number?
False
Is 32437961 a prime number?
False
Is 25184037 a prime number?
False
Is 3453943 a composite number?
False
Is 2829301 composite?
False
Is 321113929 a prime number?
False
Is 39569627 a prime number?
True
Is 286924549 a composite number?
False
Is 36000807 a composite number?
True
Is 70981907 composite?
True
Is 75883 prime?
True
Is 53092373 a composite number?
True
Is 40207 a composite number?
True
Is 137446849 prime?
True
Is 3343091 composite?
True
Is 4448211 a composite number?
True
Is 90740417 a composite number?
False
Is 4100573 a prime number?
True
Is 78375773 prime?
False
Is 11891833 composite?
False
Is 17495821 composite?
True
Is 1438097 a composite number?
False
Is 183279181 composite?
False
Is 2785367 a prime number?
False
Is 108074279 a composite number?
False
Is 5447879 a composite number?
False
Is 1319496833 composite?
False
Is 245170577 prime?
True
Is 4085859 a prime number?
False
Is 5117027 a composite number?
False
Is 199631 a composite number?
True
Is 2665967 composite?
False
Is 589774 a prime number?
False
Is 3547517 a prime number?
True
Is 36573181 prime?
True
Is 608155 prime?
False
Is 34779893 prime?
True
Is 186973 composite?
True
Is 15905159 a prime number?
True
Is 185114351 composite?
True
Is 3509619 a composite number?
True
Is 161541767 a prime number?
True
Is 2161583 a prime number?
False
Is 52518863 a prime number?
False
Is 76408691 composite?
True
Is 66549503 a prime number?
Fals